y v(y).
10
Suppose 3*t = -3, -11 = 3*y + 2*t - 66. Let f be 412/20 + 2/5. Let m = f - 11. Calculate the remainder when y is divided by m.
9
Suppose 35 = 5*w - 30. What is the remainder when 49 is divided by w?
10
Let y = 36 + -18. Let s(z) = 5*z**2 - 1. Let j be s(-1). Suppose 0 = k + j*r - 65, 13 = -2*k - 4*r + 131. What is the remainder when k is divided by y?
17
Suppose -5*a = 2*b - 60, 4*a = -a - 10. What is the remainder when b is divided by 15?
5
Suppose 3*p - 4*z - 23 = 0, -3*z + 14 = 2*p + 2*p. Suppose -u + 19 = -p. What is the remainder when u is divided by 14?
10
Let w(v) = 6*v - 1. Suppose x + 4*x + 25 = 0, -2*j = -4*x - 40. Calculate the remainder when w(j) is divided by 30.
29
What is the remainder when 93 is divided by 10/3*48/5?
29
Let x be 4/(3 + -1) + 3. Suppose 6*s = x*s + 4. What is the remainder when 14 is divided by s?
2
Let a(x) = x**3 - 8*x**2 + 9. Let f be a(8). Let d = 15 - f. Suppose z - 5*q + 10 = 0, -2*z + 3*q + 4 = -q. What is the remainder when z is divided by d?
4
Let f = -101 - -245. Suppose -2*o - 2*o + f = 0. Suppose 80 = 4*w - 4*c, -34 = -2*w - 3*c - c. What is the remainder when o is divided by w?
17
Let w = 47 - 34. What is the remainder when 23 is divided by w?
10
Calculate the remainder when 87 is divided by 488/22 + 2 + 96/(-44).
21
Suppose 0 = 5*s + 20, 0*o - 4*s - 18 = -o. Let h(l) = 7*l**2 + 2*l - 1. Calculate the remainder when h(o) is divided by (-32)/(-3) + 2/6.
9
Suppose -5 = 5*a - 5*g, 0 = -0*a + 2*a - 4*g - 2. Let k be a/2*4/(-3). Calculate the remainder when 8 is divided by 81/15 + k/(-5).
3
Suppose -35 - 55 = -5*z. Suppose 3 = 2*a - 23. Calculate the remainder when z is divided by a + -2 + 3/(-3).
8
Let u = 23 - -12. What is the remainder when u is divided by 4?
3
Let g = -5 - -8. Suppose -r + w - 3 = -0*w, -3*r - w = -g. Suppose -2*m = -r*m - 16. What is the remainder when m is divided by 3?
2
Let a(c) = -6*c + 7. Let t = -4 - -15. Calculate the remainder when a(-4) is divided by t.
9
Calculate the remainder when (-4 + 85/20)*76 is divided by 11.
8
Let t be -1 + 0 + 2 + -6. Let l = t - -8. Suppose -4*g - 120 = -5*j + 187, 0 = l*g + 9. Calculate the remainder when j is divided by 20.
19
Suppose 0 = -4*x + 8*x - 28. What is the remainder when x is divided by 4/10*(0 - -10)?
3
Suppose -5*v = 5*b, 4*b + 5 + 3 = 0. Suppose -12 = v*r - r. Calculate the remainder when 41 is divided by (-134)/r - 1/6.
8
Let x(i) = -4*i - 7. Let m(n) = 2*n + 4. Let c(a) = -5*m(a) - 3*x(a). What is the remainder when 37 is divided by c(6)?
11
Let a = 66 + 0. Suppose f - a = -f. Calculate the remainder when f is divided by 12.
9
Let h(i) = i**2 - i + 3. Let m be h(0). Suppose -4*k + m*q + 51 = 0, -2*q = 3*k + 2*q - 32. Let a = 22 - k. What is the remainder when 29 is divided by a?
9
Suppose 15 = 6*y - 51. What is the remainder when 239 is divided by y?
8
Suppose 4*l - 141 = 3*u + 284, 3*l + u - 335 = 0. Calculate the remainder when l is divided by 29.
23
Let x = -80 + 119. Let w = -17 + x. Calculate the remainder when w is divided by 12.
10
Let u be (18/(-15))/((-4)/(-10)). Calculate the remainder when 74/8*(-2 + 6) is divided by (-1 - -4) + (-30)/u.
11
Suppose 48 = 4*q + 2*j, 0 = -3*q - 0*q + 5*j + 49. What is the remainder when 34 is divided by q?
8
Let a(i) = i**3 + 13*i**2 + 8*i - 19. Let x be -3 - 1 - (-2)/(-1). Let z(b) = -b**2 - 10*b - 9. Calculate the remainder when a(-12) is divided by z(x).
14
Let r = 6 + -17. Calculate the remainder when 17 is divided by -2 + 0/(-2) - r.
8
Let z = 5 - -11. Suppose 0 = -5*v + z + 239. Suppose -3*q + 78 = -v. Calculate the remainder when q is divided by 22.
21
Let u(f) = -f - 1. Let w(h) = 7*h + 18. Let g(b) = -6*u(b) - w(b). Let z(p) = -p + 8. What is the remainder when g(-16) is divided by z(6)?
0
Suppose 3*n - 5*g = 100, 5*g + 75 = n + n. Let v = n + -15. Calculate the remainder when 18 is divided by v.
8
Let r(n) = n**3 + 7*n**2 - 11*n - 14. Calculate the remainder when r(-6) is divided by 23.
19
Let c(x) = 36*x**3 - 4*x**2 + 2*x + 1. What is the remainder when c(2) is divided by 14?
11
Let h be (1 - 22/4)*-24. Suppose 3*r = 3*w - h, 3*r + 4*w + 61 = 2*r. Let m = 70 + r. What is the remainder when m is divided by 15?
14
Suppose 3*n = 5*a - 241, 8*n - 4*n = -4*a + 180. Let k be (6 - 3)*32/3. Calculate the remainder when a is divided by (2 - 1)/(2/k).
15
Calculate the remainder when 12 + 10 + 2*2 is divided by 9.
8
Let z(n) = 2*n**2 - 26*n + 6. What is the remainder when 10 is divided by z(13)?
4
Suppose -8*m + 3*m + 195 = 0. What is the remainder when m is divided by 20?
19
Suppose 6 = m + 2. Let s(o) = -3*o**3 + m*o**3 + 7*o - 8*o**2 + o**2. What is the remainder when 10 is divided by s(6)?
4
Suppose -8 - 14 = -y. Suppose -3*x = -5*x + 4. Let o = 6 + x. What is the remainder when y is divided by o?
6
Let m(v) = -30*v**3 - v**2 + 1. What is the remainder when m(-1) is divided by 11?
8
Suppose -16*k + 43 = -15*k. Let v(d) = -13*d - 3. Calculate the remainder when k is divided by v(-2).
20
Let l(n) = 9*n - 73. Calculate the remainder when 208 is divided by l(14).
49
Suppose -3*y + 4*y = 12. Let m = -3 + 5. Let s(k) = k**3 + k**2 - 4*k + 3. Calculate the remainder when y is divided by s(m).
5
Let v(c) = 6*c**2 - 7*c**2 + 6 + 4*c - 5*c - 3. Let h be v(0). Suppose -13 = h*b - 61. Calculate the remainder when 46 is divided by b.
14
Let s(f) = 2*f**2 + 7*f + 8. What is the remainder when s(-9) is divided by 28?
23
Suppose -2 = 3*a - 2*a, a - 4 = -2*s. Suppose -2*o + 4*o = 12. Let x(u) = u**2 - 7*u + 8. What is the remainder when s is divided by x(o)?
1
Let u(h) = h**2 + h + 4. Let b(z) = -4*z**2 - z + 1. Let o be b(1). Let r = o - -4. Calculate the remainder when 10 is divided by u(r).
2
Let x = -1 + 4. Suppose -3*s + 0*s + 38 = 4*u, 0 = -2*u - x*s + 16. Calculate the remainder when u is divided by 7.
4
Let x(u) = 2*u**2 - 5*u + 5. Suppose -2 = -4*a + 14. Calculate the remainder when x(a) is divided by 10.
7
Suppose 0 = -g + 5*g - 32. Let o(d) = -2*d + 5. What is the remainder when o(-5) is divided by g?
7
Let s = 107 - 35. What is the remainder when s is divided by 0 - (-146)/10 - (-22)/55?
12
Let l(f) = 15*f**3 - 2*f**2 + 2*f - 1. Let s be l(1). Let u = -1 - -3. Suppose -u*b = -b - s. What is the remainder when 27 is divided by b?
13
Let q(d) be the first derivative of 17*d**2/2 - d - 6. What is the remainder when 62 is divided by q(1)?
14
Let s be ((-6)/4)/(12/(-32)). Suppose j + 3 = -f, -s*f - 6*j - 17 = -j. Suppose -f = -2*x + 2. Calculate the remainder when x is divided by 1.
0
Let a(v) = -11*v + 1. Calculate the remainder when a(-3) is divided by 18.
16
Let n(a) = -a**2 - 9*a - 6. Suppose 11 + 9 = 5*i. Suppose -3*q + i*z + 29 + 7 = 0, 0 = -4*q + 4*z + 44. Calculate the remainder when n(-4) is divided by q.
6
Suppose 0 = 4*v - 2 + 10. Let w be v + 2*3/3. Suppose -a + 3*o = -5, -3*a + o + 1 + 14 = w. Calculate the remainder when 8 is divided by a.
3
Let o(z) = -z**2 - 6*z + 10. Let a be o(-6). Suppose -3*n - a = -31. Calculate the remainder when n is divided by 4.
3
Suppose 32 = 2*d - 5*y, 4*y + 0 = -16. Let g = 14 - 4. What is the remainder when g is divided by d?
4
Let p(d) = d + 53. What is the remainder when p(-16) is divided by 14?
9
Let s(q) = q**2 + 8*q + 9. Let o(a) = -a**2 - a + 7. What is the remainder when o(0) is divided by s(-7)?
1
Let a be (-4)/(-12) - 37/3. Let s be (-42)/(-8) - (-3)/a. Suppose s*y - 4 = 6. Calculate the remainder when 4 is divided by y.
0
Suppose 3*p - 5*h = -34 + 10, 4*h = 3*p + 21. Let y(f) = -f + 1. Let i be y(p). Calculate the remainder when (0 - i)/(2/(-11)) is divided by 12.
10
Let d = -26 + 61. Suppose t = l - 35, 0*l - l + d = 3*t. Suppose -3*r + 4*a - 14 = -58, -10 = -r - a. Calculate the remainder when l is divided by r.
11
Let y be (0 + 8)*(-40)/32. Suppose 4*h - 30 = 2*w, 0 = -3*h - 2*w - 0*w + 19. Let b = h - y. What is the remainder when 32 is divided by b?
15
What is the remainder when 0 + (-71)/(4 + -5) is divided by 24?
23
Let x = -77 + 135. Calculate the remainder when x is divided by 15.
13
Let k = -127 + 129. What is the remainder when 23 is divided by k?
1
Suppose g + 229 = 4*d - 4*g, 275 = 5*d - 4*g. What is the remainder when d is divided by 13?
12
What is the remainder when (-2)/(-3)*(-735)/(-5) is divided by 19 + 9